base 9.
18
What is 20 (base 11) in base 16?
16
-4 (base 6) to base 7
-4
Convert -21 (base 13) to base 5.
-102
-102 (base 5) to base 2
-11011
Convert -10 (base 3) to base 6.
-3
Convert -7 (base 8) to base 7.
-10
What is -21 (base 4) in base 14?
-9
Convert 1c (base 13) to base 11.
23
What is 0 (base 14) in base 5?
0
b (base 13) to base 11
10
What is -22 (base 8) in base 5?
-33
Convert 1 (base 7) to base 10.
1
What is 1 (base 4) in base 11?
1
Convert 6 (base 10) to base 6.
10
What is -373 (base 8) in base 11?
-209
Convert 10 (base 2) to base 12.
2
0 (base 3) to base 11
0
35 (base 8) to base 5
104
-5 (base 9) to base 4
-11
What is 150 (base 11) in base 12?
128
-1121 (base 4) to base 2
-1011001
What is -233 (base 5) in base 10?
-68
1 (base 11) to base 2
1
-174 (base 11) to base 9
-244
-2 (base 6) to base 13
-2
What is -11 (base 7) in base 9?
-8
What is 0 (base 8) in base 5?
0
What is -10 (base 5) in base 16?
-5
What is -2 (base 5) in base 14?
-2
What is -24 (base 5) in base 14?
-10
30 (base 4) to base 5
22
What is 2 (base 3) in base 4?
2
What is -38 (base 16) in base 2?
-111000
What is 16 (base 7) in base 5?
23
What is -9 (base 14) in base 4?
-21
What is -11 (base 5) in base 13?
-6
-36 (base 7) to base 9
-30
-2 (base 12) to base 6
-2
Convert 1011 (base 2) to base 5.
21
-36 (base 7) to base 10
-27
2 (base 6) to base 11
2
What is 31 (base 14) in base 6?
111
Convert -30 (base 9) to base 2.
-11011
Convert -3 (base 10) to base 16.
-3
70 (base 16) to base 4
1300
1 (base 2) to base 16
1
Convert -1 (base 2) to base 13.
-1
6e (base 15) to base 8
150
What is -2 (base 12) in base 3?
-2
45 (base 6) to base 8
35
0 (base 16) to base 9
0
-2 (base 16) to base 9
-2
Convert 67 (base 15) to base 10.
97
0 (base 13) to base 11
0
387 (base 10) to base 2
110000011
Convert -6 (base 14) to base 9.
-6
Convert 11 (base 2) to base 5.
3
Convert -4 (base 15) to base 5.
-4
What is -10 (base 15) in base 6?
-23
2 (base 10) to base 11
2
What is -112 (base 7) in base 13?
-46
3 (base 5) to base 2
11
Convert 42 (base 12) to base 2.
110010
1 (base 6) to base 14
1
6 (base 11) to base 7
6
What is -11 (base 4) in base 2?
-101
-22 (base 7) to base 14
-12
Convert 7 (base 16) to base 13.
7
-10 (base 5) to base 14
-5
Convert 5 (base 12) to base 4.
11
What is -11 (base 14) in base 2?
-1111
58 (base 13) to base 15
4d
What is -220 (base 3) in base 11?
-22
-33 (base 6) to base 2
-10101
-75 (base 8) to base 14
-45
10 (base 10) to base 8
12
What is 1430 (base 5) in base 11?
1a9
What is 31 (base 13) in base 12?
34
-1 (base 10) to base 8
-1
What is 105 (base 7) in base 10?
54
Convert -30 (base 9) to base 11.
-25
What is -3 (base 6) in base 5?
-3
What is 212 (base 6) in base 15?
55
Convert -14 (base 5) to base 16.
-9
4 (base 9) to base 16
4
Convert -1 (base 15) to base 6.
-1
1 (base 9) to base 15
1
What is 166 (base 11) in base 4?
3001
Convert 7a (base 13) to base 9.
122
Convert -10123 (base 4) to base 8.
-433
3 (base 11) to base 7
3
What is -139 (base 15) in base 9?
-340
-2 (base 6) to base 11
-2
Convert 5 (base 16) to base 12.
5
What is -102112 (base 3) in base 7?
-623
-401 (base 7) to base 12
-145
Convert -322 (base 4) to base 5.
-213
Convert 3 (base 10) to base 15.
3
Convert 4 (base 14) to base 3.
11
Convert 30 (base 5) to base 13.
12
3b (base 13) to base 9
55
102 (base 3) to base 11
10
-44 (base 11) to base 13
-39
157 (base 8) to base 3
11010
97 (base 14) to base 2
10000101
-33 (base 13) to base 12
-36
0 (base 11) to base 3
0
-21 (base 14) to base 13
-23
Convert 10 (base 3) to base 5.
3
Convert -1 (base 9) to base 15.
-1
What is 23 (base 6) in base 13?
12
10220 (base 3) to base 16
69
Convert 0 (base 10) to base 8.
0
Convert -3 (base 14) to base 5.
-3
1 (base 8) to base 3
1
-1 (base 15) to base 6
-1
What is 0 (base 13) in base 11?
0
3 (base 12) to base 6
3
21 (base 5) to base 16
b
Convert 12 (base 3) to base 10.
5
What is 40 (base 15) in base 16?
3c
Convert 2 (base 6) to base 3.
2
-c (base 15) to base 2
-1100
What is 3 (base 13) in base 10?
3
-1012 (base 3) to base 12
-28
-2 (base 4) to base 7
-2
Convert 4 (base 11) to base 15.
4
What is 153 (base 16) in base 10?
339
2 (base 4) to base 14
2
Convert -13 (base 16) to base 2.
-10011
0 (base 12) to base 6
0
Convert 1020 (base 4) to base 5.
242
What is -2 (base 8) in base 9?
-2
0 (base 16) to base 12
0
What is -2 (base 6) in base 5?
-2
3b (base 15) to base 7
110
Convert -5 (base 13) to base 16.
-5
What is 8 (base 15) in base 9?
8
-5 (base 9) to base 2
-101
What is 323 (base 4) in base 13?
47
-101 (base 2) to base 15
-5
0 (base 8) to base 2
0
What is 7 (base 14) in base 8?
7
Convert -201 (base 4) to base 2.
-100001
What is -10 (base 6) in base 15?
-6
Convert 11 (base 10) to base 4.
23
What is -5 (base 9) in base 3?
-12
-3 (base 7) to base 13
-3
Convert -5 (base 11) to base 10.
-5
116 (base 15) to base 7
501
Convert 9 (base 15) to base 4.
21
What is 12 (base 9) in base 5?
21
51 (base 11) to base 14
40
18 (base 13) to base 4
111
Convert -16 (base 11) to base 12.
-15
Convert 2 (base 14) to base 15.
2
9a (base 16) to base 14
b0
2011 (base 3) to base 6
134
What is 13 (base 10) in base 3?
111
What is 2 (base 15) in base 6?
2
What is 2 (base 12) in base 8?
2
-7 (base 12) to base 6
-11
-44 (base 15) to base 12
-54
Convert -1030 (base 5) to base 12.
-b8
What is 55 (base 11) in base 16?
3c
-4 (base 12) to base 11
-4
What is -7 (base 16) in base 15?
-7
-86 (base 11) to base 16
-5e
Convert 12 (base 6) to base 12.
8
-5f (base 16) to base 5
-340
43 (base 10) to base 9
47
-1 (base 6) to base 3
-1
What is 100111 (base 2) in base 15?
29
2 (base 5) to base 6
2
-51 (base 10) to base 16
-33
-28 (base 15) to base 5
-123
Convert -b (base 14) to base 4.
-23
What is -10 (base 3) in base 6?
-3
Convert 42 (base 8) to base 16.
22
Convert 125 (base 10) to base 11.
104
13 (base 5) to base 7
11
What is -13 (base 8) in base 15?
-b
What is 63 (base 12) in base 9?
83
30 (base 13) to base 12
33
Convert -21 (base 3) to base 14.
-7
11 (base 5) to base 7
6
1 (base 8) to base 13
1
-30 (base 9) to base 10
-27
What is 204 (base 9) in base 6?
434
Convert -7 (base 9) to base 8.
-7
What is -121 (base 3) in base 15?
-11
83 (base 10) to base 13
65
-8 (base 11) to base 13
-8
What is 30 (base 9) in base 8?
33
Convert -46 (base 9) to base 16.
-2a
What is -3 (base 15) in base 5?
-3
1 (base 7) to base 4
1
1 (base 14) to base 7
1
What is 5 (base 7) in base 2?
101
What is -3 (base 7) in base 9?
-3
Convert 144 (base 9) to base 11.
100
-22 (base 13) to base 10
-28
0 (base 8) to base 11
0
-14 (base 7) to base 10
-11
-17 (base 16) to base 8
-27
What is -3 (base 5) in base 15?
-3
Convert -11 (base 2) to base 8.
-3
Convert -4 (base 10) to base 6.
-4
Convert 2 (base 5) to base 12.
2
Convert -1001 (base 2) to base 8.
-11
-22 (base 3) to base 16
-8
Convert 6 (base 12) to base 2.
110
What is -93 (base 13) in base 14?
-88
What is -82 (base 16) in base 10?
-130
Convert -3 (base 4) to base 16.
-3
Convert 14 (base 6) to base 2.
1010
-129 (base 10) to base 9
-153
-110111 (base 2) to base 8
-67
What is -10c (base 13) in base 3?
-20201
Convert -4 (base 10) to base 11.
-4
Convert 13 (base 12) to base 7.
21
Convert 10 (base 9) to base 6.
13
Convert 3b (base 15) to base 2.
111000
What is 45 (base 12) in base 11?
49
What is 15 (base 10) in base 3?
120
9 (base 11) to base 12
9
Convert -11 (base 12) to base 11.
-12
1 (base 2) to base 6
1
What is 3 (base 13) in base 5?
3
Convert 1 (base 5) to base 13.
1
3 (base 15) to base 10
3
-21 (base 14) to base 3
-1002
Convert -1102 (base 4) to base 15.
-57
-1 (base 11) to base 12
-1
Convert -6 (base 16) to base 9.
-6
What is -1 (base 11) in base 12?
-1
What is 1001010 (base 2) in base 9?
82
5 (base 16) to base 2
101
-1213 (base 4) to base 2
-1100111
What is -101 (base 2) in base 5?
-10
Convert 4 (base 14) to base 4.
10
Convert -11120 (base 3) to base 6.
-323
4a (base 14) to base 2
1000010
1 (base 15) to base 3
1
132 (base 7) to base 16
48
b1 (base 12) to base 8
205
5a (base 13) to base 2
1001011
Convert 111 (base 2) to base 12.
7
Convert 33 (base 4) to base 7.
21
10101 (base 4) to base 10
273
Convert -130 (base 10) to base 9.
-154
-2 (base 7) to base 15
-2
Convert 0 (base 12) to base 15.
0
What is -2 (base 8) in base 9?
-2
What is -3 (base 6) in base 15?
-3
-5 (base 15) to base 11
-5